the hundreds digit of t?
1
Let j be 231/(-9) + (-6)/(-9). What is the hundreds digit of j + 22 + (-1 - -112)?
1
Let t = 33 + -22. Suppose -t*m = -13*m + 66. What is the tens digit of m?
3
Let x be (-20)/(-11) - 6/(-33). Suppose -3*p - 169 = -x*q, q - p - 106 = -24. What is the tens digit of q?
7
Suppose 0 = 45*v - 39*v - 48. Suppose -v*g + 13*g = -5*j + 1030, -5*g = -3*j + 602. What is the units digit of j?
4
Suppose 2*x - 4*z = 3*x - 8, z = -2*x + 16. Let c = 28 - x. What is the tens digit of c?
2
Let c = -39 + 39. Suppose c*s - 2*s = -182. What is the tens digit of s?
9
Suppose -5*a = -3 - 7. Suppose a = -3*j + 4*x - 7, 17 = 5*j + 4*x. Suppose -j = -y + 38. What is the units digit of y?
9
Let g = 2637 - 1817. Suppose -4*k = 3*f - 665, -g = -3*f + 3*k - 190. What is the hundreds digit of f?
2
Let p(w) = -w**2 + 4*w + 2*w - 6 + w + 2. Let m be p(6). Let t = m + 0. What is the units digit of t?
2
Let k(v) = -2*v**2 + v + 4. Let l be k(2). Let g = -7 - l. Let b(q) = -q**2 - 13*q - 6. What is the units digit of b(g)?
4
Suppose -r = -13*r. What is the units digit of r*4/12 + 9?
9
What is the tens digit of ((-1060)/3)/(-1) + (-12)/9?
5
Let j(y) = 23*y**2 + 8*y + 6. What is the hundreds digit of j(3)?
2
What is the hundreds digit of 23257/26*(-2 + (4 - 0))?
7
Suppose -3*v + p + 4 = 0, 0*v - 5*v = -p - 4. Suppose o - 6*o + 25 = v. Suppose l - f + 66 = 2*l, -5*f - 360 = -o*l. What is the tens digit of l?
6
Let a(g) = -75*g - 211. What is the thousands digit of a(-19)?
1
Let g(x) = x**2 + 11*x + 8. Let d be (1 - (-16)/(-12))*33. Let t be g(d). Suppose -3*b + f - 5*f + 23 = 0, -3*b + t = f. What is the units digit of b?
1
Suppose -3*y = 5*m, 4*y = 5*y + 2*m. Suppose 5*o - 565 + 105 = y. What is the tens digit of o?
9
Let j(b) = 7*b - 3. Let u be j(6). Suppose 42*w - 411 = u*w. What is the units digit of w?
7
Let i(z) = z**3 + z**2 - z - 1. Let a be i(0). What is the units digit of (-3)/(81/(-78) - 0 - a)?
8
Let j(u) = -286*u - 19. What is the hundreds digit of j(-8)?
2
Suppose 47*r = 26265 - 8029. What is the units digit of r?
8
Let p be (-5 - 0)/(-11 - -10) - -92. Let q = 14 - 64. Let t = p + q. What is the tens digit of t?
4
Let m(c) = 3*c**3 - 8*c**2 + 5*c + 3. Let p be m(7). Suppose 8*s - p = 405. What is the tens digit of 5/(-5) - s/(-3)?
4
Suppose 4*a + 3*t + 53 - 235 = 0, 4*t - 96 = -2*a. Suppose -39*i - 970 = -a*i. What is the hundreds digit of i?
1
Let d be -1 + 3 + (-3 - -2). Suppose 4*q - d = 3. Let l = 35 + q. What is the tens digit of l?
3
Let n(o) = o**2 - 4*o - 25. Let w be n(11). Suppose 96 + w = c + 3*t, 700 = 5*c + 5*t. Let m = c - 96. What is the tens digit of m?
4
Let q = -678 + 986. What is the units digit of q?
8
What is the tens digit of ((-134)/6)/((-18)/270)?
3
Suppose 93*t - 96*t = 9. Let j(o) = 25*o**2 + 12*o + 9. What is the units digit of j(t)?
8
Suppose -3*j - 2*j = 0. Suppose j*b + 15 = 5*b. Suppose 0 = b*t, t = 3*w - 2*t - 66. What is the tens digit of w?
2
Suppose -4*m + 115 - 13 = 2*n, -m - 117 = -2*n. What is the tens digit of n?
5
Let k(q) = q + 22. Let b be k(0). Suppose 2 - b = -5*l. Suppose -a - 5*i = 3*a - 67, l*a - 5*i - 77 = 0. What is the units digit of a?
8
Let c(k) = k**3 + 25*k**2 + 2*k - 255. What is the tens digit of c(-19)?
7
Suppose 25 = -5*r, 13*r - 17*r = -4*a + 4992. What is the hundreds digit of a?
2
Suppose f = 715 + 193. What is the units digit of f?
8
Let l = 11 - 9. Suppose -3 = -l*c + 1. Suppose 2*m - 4*j = -3*m + 40, c*m - 13 = j. What is the units digit of m?
4
What is the units digit of ((-1974)/28)/(2/(-36))?
9
Suppose 2*r - 5487 = -225. What is the tens digit of r?
3
Let o(h) = h**2 - 2*h - 6. Let b be o(-4). Let g = 56 - 51. Let t = b - g. What is the units digit of t?
3
What is the tens digit of (26444/66)/((-4)/(-6))?
0
Let d(b) = -2*b**2 - 38*b - 41. Let r be d(-17). Suppose 2*f + f - r = 2*l, -5*l = 3*f - 27. What is the units digit of f?
9
Suppose 0 = -22*w + 27*w - 11260. What is the tens digit of w?
5
Let v(b) = -b**2 + 141. Let q be v(0). Let y = 1263 - 1182. Let m = q - y. What is the tens digit of m?
6
Let q be -5 + -2 + -2 + -1*1. Let t = -5 - q. What is the units digit of t?
5
Let l be -1*(-3)/6*-20. Let s be (l - 0)*(-1)/(-1). What is the tens digit of (s/15)/((-2)/45)?
1
Let b = 37 + 450. What is the units digit of b?
7
Suppose -8306 = -30*z + 28954. What is the units digit of z?
2
Suppose 3896 = 5*y - l + 4*l, 5*y = 2*l + 3911. Suppose y = 4*k + 49. What is the tens digit of k?
8
Let l be (0 + 87)/(5/(690/9)). What is the units digit of 8/(-28) + l*3/42?
5
Suppose -2*l + 3 + 25 = 0. Let q = 2 + l. What is the units digit of q?
6
Suppose -20628 = -58*x + 22*x. What is the tens digit of x?
7
Suppose w - 87 = -2*w - u, 5*w = 3*u + 159. Suppose -w + 162 = 4*i. What is the units digit of i?
3
What is the hundreds digit of (12/(-14))/(10 + (-34176)/3416)?
1
Suppose -56*b + 121055 = -b. What is the thousands digit of b?
2
Let o(q) be the first derivative of q**3/3 - 11*q**2/2 + 3*q - 2. Let p be o(11). Suppose p*l - 77 = -5. What is the units digit of l?
4
Let n be (56/2)/7 + 6. Suppose -2 = 2*p - 0*p. Let x = n - p. What is the tens digit of x?
1
What is the tens digit of (-4)/((-24157)/2681 - -9)?
8
Let n = 72 + -99. Let f(p) = p**3 - 4*p**2 + 2*p + 2. Let c be f(2). What is the tens digit of (c - n)*1/1?
2
What is the tens digit of (-4)/26 - (3098/(-26) + -3)?
2
Let l(b) be the first derivative of -b**4/4 + b**3 - 5*b**2/2 + 3*b - 43. What is the units digit of l(-4)?
5
Let i be (2 - 0) + (3 + -11)/2. Let d(y) = -y - 9*y + 2*y + 4. What is the tens digit of d(i)?
2
Suppose 48 = -s + 4*t, 4*s + 160 = -s + 4*t. Let g be (s/(-5))/((-2)/(-20)). Suppose g = 2*k + 5*x, 6*k - 21 = 5*k + x. What is the tens digit of k?
2
Suppose -x + 4*w + 198 = -w, 0 = 4*x - 4*w - 744. What is the units digit of x?
3
Let r(m) = -16*m + 64. What is the tens digit of r(-21)?
0
Suppose -5*q + 4539 = 2*p, -2*q + 2406 - 597 = 3*p. What is the units digit of q?
9
Let w be -7 + (1 - -1) - -4. Let q be (-748)/(-66) - w/(-3). Suppose q*c = 8*c + 183. What is the units digit of c?
1
Let n = -30 - -35. Suppose -5*m - 4 = 2*o, -2*m + 11 = n*o - 0*m. What is the units digit of o?
3
Let z = -5 - -10. Suppose -z*f + 2*f = 5*i + 23, 7 = -f - 2*i. What is the tens digit of (-229)/f + (-4)/(-22)?
2
Suppose -301 - 147 = -4*i. Let s = i + 2. What is the tens digit of s?
1
Let s(c) = c**2 + 12*c - 73. What is the units digit of s(-42)?
7
Let z = 30 + -24. What is the tens digit of ((-9)/z)/((-3)/72)?
3
Let n be 24/10 + (-15)/(-25). Suppose -x = 4, -3*v - 2*v - n = 2*x. What is the units digit of v/(-2)*(-176)/8?
1
Let j(b) = 109 - 103 + 5*b + b - b**3 - 2*b - 2*b**2. Let v be j(-3). Suppose 5*h = n - 30, -2*n + v*h = -0*h - 39. What is the tens digit of n?
1
Let s = -11 + 49. Let u = 26 - 10. Let n = s - u. What is the tens digit of n?
2
Let t = 3250 - 145. What is the hundreds digit of t?
1
Let j(f) = 4*f**2 - 16*f + 45. Let o(v) = v**2 - 5*v + 15. Let l(t) = -2*j(t) + 7*o(t). Let x be l(-8). Let n = 58 + x. What is the tens digit of n?
3
Let t(m) = -5*m + 8. Let p be t(-6). Suppose 2*j = -7 + 15. What is the units digit of 2*1/j*p?
9
Let p = 1268 - -46. What is the hundreds digit of p?
3
Let q(w) = -w**3 + 4*w**2 - 2*w - 1. Let r be q(3). Suppose -2*p + 89 = 3*y, r*p + 94 = 4*p - 2*y. What is the units digit of p?
6
Suppose i - 3 = 3*n, -2*n + 85 = 5*i - 3*n. Suppose -5*a + 56 = -a. Let t = i - a. What is the units digit of t?
4
Let h(n) = 30 + 0*n - n - 2 + 10. What is the units digit of h(16)?
2
Suppose -28*o + 1607 = -353. What is the tens digit of o?
7
Let n(z) = 6*z - 10. What is the units digit of n(32)?
2
Suppose 0 = -7*r + 9497 - 782. What is the units digit of r?
5
Let g = 5 - 165. Let m = 13 - g. What is the tens digit of m?
7
Let c(q) = -56*q - 143. What is the hundreds digit of c(-7)?
2
Suppose 4*f - 11 = 169. Let s = -8 + f. What is the tens digit of s?
3
Suppose -3*c - 2*r = -4231, c - 2*r - 1248 = 165. What is the thousands digit of c?
1
Let r(v) = -2*v**3 - 11*v**2 + 49*v + 58. What is the hundreds digit of r(-13)?
9
Suppose 4*s + 2 = -2*u - u, 6 = u - 2*s. Let x = 8 - u. What is the tens digit of -7*(0 + 2 - x)?
2
Let w(v) = v**3 + 2*v**2 + 2*v + 1. Let i be w(-1). Suppose -11*f + 10*f + 2 = i. Supp